{"id":479,"date":"2021-06-29T04:44:54","date_gmt":"2021-06-29T04:44:54","guid":{"rendered":"http:\/\/yodadigitalsv.com\/?page_id=479"},"modified":"2021-07-08T19:09:38","modified_gmt":"2021-07-08T19:09:38","slug":"equipo","status":"publish","type":"page","link":"https:\/\/yodadigitalsv.com\/index.php\/equipo\/","title":{"rendered":"Equipo"},"content":{"rendered":"\n<p><br><br><br><\/p>\n\n\n\n<p class=\"has-text-align-center has-large-font-size\">NUESTRO EQUIPO<\/p>\n\n\n\n<p class=\"has-text-align-center\">Te presentamos a nuestro team, cada integrante de YODA tiene el firme compromiso de ayudar en el crecimiento de tu marca. Somos especialistas en <strong>Administraci\u00f3n &amp; Gesti\u00f3n de Redes Sociales, Producci\u00f3n Audiovisual, Branding y Dise\u00f1o de P\u00e1ginas Web.<\/strong><\/p>\n\n\n<div class=\"wp-block-visual-portfolio\">\n<div class=\"vp-portfolio vp-uid-04145aec vp-id-Z2sKzW7\"\n\tdata-vp-layout=\"slider\" data-vp-content-source=\"images\" data-vp-items-style=\"fade\" data-vp-items-click-action=\"\" data-vp-items-gap=\"15\" data-vp-items-gap-vertical=\"\" data-vp-pagination=\"load-more\" data-vp-next-page-url=\"\" data-vp-slider-effect=\"slide\" data-vp-slider-items-height=\"80%\" data-vp-slider-items-min-height=\"\" data-vp-slider-slides-per-view=\"3\" data-vp-slider-speed=\"0.3\" data-vp-slider-autoplay=\"5\" data-vp-slider-autoplay-hover-pause=\"false\" data-vp-slider-centered-slides=\"false\" data-vp-slider-loop=\"true\" data-vp-slider-free-mode=\"false\" data-vp-slider-free-mode-sticky=\"false\" data-vp-slider-arrows=\"true\" data-vp-slider-bullets=\"false\" data-vp-slider-bullets-dynamic=\"false\" data-vp-slider-mousewheel=\"true\" data-vp-slider-thumbnails=\"false\" >\n\t<div class=\"vp-portfolio__preloader-wrap\">\n\t\t<div class=\"vp-portfolio__preloader\">\n\t\t\t<img decoding=\"async\" loading=\"eager\" src=\"https:\/\/yodadigitalsv.com\/wp-content\/plugins\/visual-portfolio\/assets\/images\/logo-dark.svg\" alt=\"Visual Portfolio, Posts &amp; Image Gallery para WordPress\" width=\"20\" height=\"20\" data-skip-lazy>\n\t\t<\/div>\n\t<\/div>\n\t\t<div class=\"vp-portfolio__items-wrap\">\n\t\t\t\n<div class=\"vp-portfolio__items vp-portfolio__items-style-fade vp-portfolio__items-show-overlay-hover\">\n\n\t\t<div\t\tclass=\"vp-portfolio__item-wrap vp-portfolio__item-uid-1fa8ae12\" data-vp-filter=\"\" style=\"--vp-images__object-position: 48% 10%;\" \t\t>\n\t\t\t\t\t\t\t\t\t<figure class=\"vp-portfolio__item\">\n\t\t\t\t\n<div class=\"vp-portfolio__item-img-wrap\">\n\t<div class=\"vp-portfolio__item-img\">\n\t\t\n\t\t<noscript><img fetchpriority=\"high\" decoding=\"async\" width=\"960\" height=\"1280\" data-skip-lazy src=\"https:\/\/yodadigitalsv.com\/wp-content\/uploads\/2021\/07\/WhatsApp-Image-2021-07-08-at-12.08.19-PM.jpeg\" class=\"wp-image-1232\" alt=\"\" srcset=\"https:\/\/yodadigitalsv.com\/wp-content\/uploads\/2021\/07\/WhatsApp-Image-2021-07-08-at-12.08.19-PM.jpeg 960w, https:\/\/yodadigitalsv.com\/wp-content\/uploads\/2021\/07\/WhatsApp-Image-2021-07-08-at-12.08.19-PM-225x300.jpeg 225w, https:\/\/yodadigitalsv.com\/wp-content\/uploads\/2021\/07\/WhatsApp-Image-2021-07-08-at-12.08.19-PM-768x1024.jpeg 768w, https:\/\/yodadigitalsv.com\/wp-content\/uploads\/2021\/07\/WhatsApp-Image-2021-07-08-at-12.08.19-PM-500x667.jpeg 500w, https:\/\/yodadigitalsv.com\/wp-content\/uploads\/2021\/07\/WhatsApp-Image-2021-07-08-at-12.08.19-PM-800x1067.jpeg 800w\" sizes=\"(max-width: 960px) 100vw, 960px\" \/><\/noscript><img decoding=\"async\" width=\"960\" height=\"1280\" src=\"https:\/\/yodadigitalsv.com\/wp-content\/uploads\/2021\/07\/WhatsApp-Image-2021-07-08-at-12.08.19-PM.jpeg\" class=\"wp-image-1232 vp-lazyload\" alt srcset=\"data:image\/svg+xml;base64,PHN2ZyB3aWR0aD0iOTYwIiBoZWlnaHQ9IjEyODAiIHZpZXdCb3g9IjAgMCA5NjAgMTI4MCIgZmlsbD0ibm9uZSIgeG1sbnM9Imh0dHA6Ly93d3cudzMub3JnLzIwMDAvc3ZnIj48L3N2Zz4=\" data-src=\"https:\/\/yodadigitalsv.com\/wp-content\/uploads\/2021\/07\/WhatsApp-Image-2021-07-08-at-12.08.19-PM.jpeg\" data-srcset=\"https:\/\/yodadigitalsv.com\/wp-content\/uploads\/2021\/07\/WhatsApp-Image-2021-07-08-at-12.08.19-PM.jpeg 960w, https:\/\/yodadigitalsv.com\/wp-content\/uploads\/2021\/07\/WhatsApp-Image-2021-07-08-at-12.08.19-PM-225x300.jpeg 225w, https:\/\/yodadigitalsv.com\/wp-content\/uploads\/2021\/07\/WhatsApp-Image-2021-07-08-at-12.08.19-PM-768x1024.jpeg 768w, https:\/\/yodadigitalsv.com\/wp-content\/uploads\/2021\/07\/WhatsApp-Image-2021-07-08-at-12.08.19-PM-500x667.jpeg 500w, https:\/\/yodadigitalsv.com\/wp-content\/uploads\/2021\/07\/WhatsApp-Image-2021-07-08-at-12.08.19-PM-800x1067.jpeg 800w\" data-sizes=\"auto\" loading=\"eager\">\n\t\t\t<\/div>\n<\/div>\n\t<figcaption class=\"vp-portfolio__item-overlay vp-portfolio__item-overlay-text-align-center\">\n\t\t<div class=\"vp-portfolio__item-meta-wrap vp-portfolio__custom-scrollbar\">\n\t\t\t\t<span\t\t class=\"vp-portfolio__item-meta\" \t>\n\t\n<h2 class=\"vp-portfolio__item-meta-title\">\n\tAndrea Valsse <br> Community Manager<\/h2>\n<\/span>\t\t<\/div>\n\t<\/figcaption>\n\t\t\t<\/figure>\n\t\t\t\t\t<\/div>\n\t\t\n\t\t<div\t\tclass=\"vp-portfolio__item-wrap vp-portfolio__item-uid-cfda0d4a\" data-vp-filter=\"\" style=\"--vp-images__object-position: 50% 2%;\" \t\t>\n\t\t\t\t\t\t\t\t\t<figure class=\"vp-portfolio__item\">\n\t\t\t\t\n<div class=\"vp-portfolio__item-img-wrap\">\n\t<div class=\"vp-portfolio__item-img\">\n\t\t\n\t\t<noscript><img decoding=\"async\" width=\"813\" height=\"1187\" data-skip-lazy src=\"https:\/\/yodadigitalsv.com\/wp-content\/uploads\/2021\/07\/WhatsApp-Image-2021-07-08-at-1.03.43-PM.jpeg\" class=\"wp-image-1239\" alt=\"\" srcset=\"https:\/\/yodadigitalsv.com\/wp-content\/uploads\/2021\/07\/WhatsApp-Image-2021-07-08-at-1.03.43-PM.jpeg 813w, https:\/\/yodadigitalsv.com\/wp-content\/uploads\/2021\/07\/WhatsApp-Image-2021-07-08-at-1.03.43-PM-205x300.jpeg 205w, https:\/\/yodadigitalsv.com\/wp-content\/uploads\/2021\/07\/WhatsApp-Image-2021-07-08-at-1.03.43-PM-701x1024.jpeg 701w, https:\/\/yodadigitalsv.com\/wp-content\/uploads\/2021\/07\/WhatsApp-Image-2021-07-08-at-1.03.43-PM-768x1121.jpeg 768w, https:\/\/yodadigitalsv.com\/wp-content\/uploads\/2021\/07\/WhatsApp-Image-2021-07-08-at-1.03.43-PM-500x730.jpeg 500w, https:\/\/yodadigitalsv.com\/wp-content\/uploads\/2021\/07\/WhatsApp-Image-2021-07-08-at-1.03.43-PM-800x1168.jpeg 800w\" sizes=\"(max-width: 813px) 100vw, 813px\" \/><\/noscript><img decoding=\"async\" width=\"813\" height=\"1187\" src=\"https:\/\/yodadigitalsv.com\/wp-content\/uploads\/2021\/07\/WhatsApp-Image-2021-07-08-at-1.03.43-PM.jpeg\" class=\"wp-image-1239 vp-lazyload\" alt srcset=\"data:image\/svg+xml;base64,PHN2ZyB3aWR0aD0iODEzIiBoZWlnaHQ9IjExODciIHZpZXdCb3g9IjAgMCA4MTMgMTE4NyIgZmlsbD0ibm9uZSIgeG1sbnM9Imh0dHA6Ly93d3cudzMub3JnLzIwMDAvc3ZnIj48L3N2Zz4=\" data-src=\"https:\/\/yodadigitalsv.com\/wp-content\/uploads\/2021\/07\/WhatsApp-Image-2021-07-08-at-1.03.43-PM.jpeg\" data-srcset=\"https:\/\/yodadigitalsv.com\/wp-content\/uploads\/2021\/07\/WhatsApp-Image-2021-07-08-at-1.03.43-PM.jpeg 813w, https:\/\/yodadigitalsv.com\/wp-content\/uploads\/2021\/07\/WhatsApp-Image-2021-07-08-at-1.03.43-PM-205x300.jpeg 205w, https:\/\/yodadigitalsv.com\/wp-content\/uploads\/2021\/07\/WhatsApp-Image-2021-07-08-at-1.03.43-PM-701x1024.jpeg 701w, https:\/\/yodadigitalsv.com\/wp-content\/uploads\/2021\/07\/WhatsApp-Image-2021-07-08-at-1.03.43-PM-768x1121.jpeg 768w, https:\/\/yodadigitalsv.com\/wp-content\/uploads\/2021\/07\/WhatsApp-Image-2021-07-08-at-1.03.43-PM-500x730.jpeg 500w, https:\/\/yodadigitalsv.com\/wp-content\/uploads\/2021\/07\/WhatsApp-Image-2021-07-08-at-1.03.43-PM-800x1168.jpeg 800w\" data-sizes=\"auto\" loading=\"eager\">\n\t\t\t<\/div>\n<\/div>\n\t<figcaption class=\"vp-portfolio__item-overlay vp-portfolio__item-overlay-text-align-center\">\n\t\t<div class=\"vp-portfolio__item-meta-wrap vp-portfolio__custom-scrollbar\">\n\t\t\t\t<span\t\t class=\"vp-portfolio__item-meta\" \t>\n\t\n<h2 class=\"vp-portfolio__item-meta-title\">\n\tOscar Cornejo <br> Desarrollador Web<\/h2>\n<\/span>\t\t<\/div>\n\t<\/figcaption>\n\t\t\t<\/figure>\n\t\t\t\t\t<\/div>\n\t\t\n\t\t<div\t\tclass=\"vp-portfolio__item-wrap vp-portfolio__item-uid-150209fd\" data-vp-filter=\"\" style=\"--vp-images__object-position: 45% 29%;\" \t\t>\n\t\t\t\t\t\t\t\t\t<figure class=\"vp-portfolio__item\">\n\t\t\t\t\n<div class=\"vp-portfolio__item-img-wrap\">\n\t<div class=\"vp-portfolio__item-img\">\n\t\t\n\t\t<noscript><img decoding=\"async\" width=\"788\" height=\"1105\" data-skip-lazy src=\"https:\/\/yodadigitalsv.com\/wp-content\/uploads\/2021\/07\/WhatsApp-Image-2021-07-08-at-1.03.43-PM-1.jpeg\" class=\"wp-image-1237\" alt=\"\" srcset=\"https:\/\/yodadigitalsv.com\/wp-content\/uploads\/2021\/07\/WhatsApp-Image-2021-07-08-at-1.03.43-PM-1.jpeg 788w, https:\/\/yodadigitalsv.com\/wp-content\/uploads\/2021\/07\/WhatsApp-Image-2021-07-08-at-1.03.43-PM-1-214x300.jpeg 214w, https:\/\/yodadigitalsv.com\/wp-content\/uploads\/2021\/07\/WhatsApp-Image-2021-07-08-at-1.03.43-PM-1-730x1024.jpeg 730w, https:\/\/yodadigitalsv.com\/wp-content\/uploads\/2021\/07\/WhatsApp-Image-2021-07-08-at-1.03.43-PM-1-768x1077.jpeg 768w, https:\/\/yodadigitalsv.com\/wp-content\/uploads\/2021\/07\/WhatsApp-Image-2021-07-08-at-1.03.43-PM-1-500x701.jpeg 500w\" sizes=\"(max-width: 788px) 100vw, 788px\" \/><\/noscript><img decoding=\"async\" width=\"788\" height=\"1105\" src=\"https:\/\/yodadigitalsv.com\/wp-content\/uploads\/2021\/07\/WhatsApp-Image-2021-07-08-at-1.03.43-PM-1.jpeg\" class=\"wp-image-1237 vp-lazyload\" alt srcset=\"data:image\/svg+xml;base64,PHN2ZyB3aWR0aD0iNzg4IiBoZWlnaHQ9IjExMDUiIHZpZXdCb3g9IjAgMCA3ODggMTEwNSIgZmlsbD0ibm9uZSIgeG1sbnM9Imh0dHA6Ly93d3cudzMub3JnLzIwMDAvc3ZnIj48L3N2Zz4=\" data-src=\"https:\/\/yodadigitalsv.com\/wp-content\/uploads\/2021\/07\/WhatsApp-Image-2021-07-08-at-1.03.43-PM-1.jpeg\" data-srcset=\"https:\/\/yodadigitalsv.com\/wp-content\/uploads\/2021\/07\/WhatsApp-Image-2021-07-08-at-1.03.43-PM-1.jpeg 788w, https:\/\/yodadigitalsv.com\/wp-content\/uploads\/2021\/07\/WhatsApp-Image-2021-07-08-at-1.03.43-PM-1-214x300.jpeg 214w, https:\/\/yodadigitalsv.com\/wp-content\/uploads\/2021\/07\/WhatsApp-Image-2021-07-08-at-1.03.43-PM-1-730x1024.jpeg 730w, https:\/\/yodadigitalsv.com\/wp-content\/uploads\/2021\/07\/WhatsApp-Image-2021-07-08-at-1.03.43-PM-1-768x1077.jpeg 768w, https:\/\/yodadigitalsv.com\/wp-content\/uploads\/2021\/07\/WhatsApp-Image-2021-07-08-at-1.03.43-PM-1-500x701.jpeg 500w\" data-sizes=\"auto\" loading=\"eager\">\n\t\t\t<\/div>\n<\/div>\n\t<figcaption class=\"vp-portfolio__item-overlay vp-portfolio__item-overlay-text-align-center\">\n\t\t<div class=\"vp-portfolio__item-meta-wrap vp-portfolio__custom-scrollbar\">\n\t\t\t\t<span\t\t class=\"vp-portfolio__item-meta\" \t>\n\t\n<h2 class=\"vp-portfolio__item-meta-title\">\n\tJuan Rivera <br> CEO<\/h2>\n<\/span>\t\t<\/div>\n\t<\/figcaption>\n\t\t\t<\/figure>\n\t\t\t\t\t<\/div>\n\t\t\n<\/div>\n\n<div class=\"vp-portfolio__items-arrow vp-portfolio__items-arrow-prev\" tabindex=\"0\" role=\"button\" aria-label=\"Diapositiva anterior\">\n\t\n<svg class=\"vp-svg-icon\" width=\"20\" height=\"20\" viewBox=\"0 0 20 20\" fill=\"none\" xmlns=\"http:\/\/www.w3.org\/2000\/svg\">\n\t<path d=\"M12 4L6 10L12 16\" stroke=\"currentColor\" stroke-width=\"1.5\" stroke-linecap=\"round\" stroke-linejoin=\"round\" fill=\"transparent\" \/>\n<\/svg>\n<\/div>\n<div class=\"vp-portfolio__items-arrow vp-portfolio__items-arrow-next\" tabindex=\"0\" role=\"button\" aria-label=\"Diapositiva siguiente\">\n\t\n<svg class=\"vp-svg-icon\" width=\"20\" height=\"20\" viewBox=\"0 0 20 20\" fill=\"none\" xmlns=\"http:\/\/www.w3.org\/2000\/svg\">\n\t<path d=\"M8 4L14 10L8 16\" stroke=\"currentColor\" stroke-width=\"1.5\" stroke-linecap=\"round\" stroke-linejoin=\"round\" fill=\"transparent\" \/>\n<\/svg>\n<\/div>\n\t\t<\/div>\n\t\t\n<\/div>\n<\/div>\n\n\n<p class=\"has-text-align-center\">Somos un grupo de j\u00f3venes innovadores, con ideas explosivas y una propuesta de valor que aporta una nueva forma de manejar tu marca en el mundo digital.<br><br><\/p>\n\n\n\n<p><br><br><br><\/p>\n\n\n\n<p><\/p>\n","protected":false},"excerpt":{"rendered":"<p>NUESTRO EQUIPO Te presentamos a nuestro team, cada integrante de YODA tiene el firme compromiso de ayudar en el crecimiento de tu marca. Somos especialistas en Administraci\u00f3n &amp; Gesti\u00f3n de Redes Sociales, Producci\u00f3n Audiovisual, Branding y Dise\u00f1o de P\u00e1ginas Web. Somos un grupo de j\u00f3venes innovadores, con ideas explosivas y una propuesta de valor que [&hellip;]<\/p>\n","protected":false},"author":1,"featured_media":0,"parent":0,"menu_order":0,"comment_status":"closed","ping_status":"closed","template":"","meta":{"site-sidebar-layout":"no-sidebar","site-content-layout":"plain-container","ast-site-content-layout":"default","site-content-style":"default","site-sidebar-style":"default","ast-global-header-display":"","ast-banner-title-visibility":"","ast-main-header-display":"","ast-hfb-above-header-display":"","ast-hfb-below-header-display":"","ast-hfb-mobile-header-display":"","site-post-title":"disabled","ast-breadcrumbs-content":"disabled","ast-featured-img":"disabled","footer-sml-layout":"","ast-disable-related-posts":"","theme-transparent-header-meta":"default","adv-header-id-meta":"","stick-header-meta":"","header-above-stick-meta":"","header-main-stick-meta":"","header-below-stick-meta":"","astra-migrate-meta-layouts":"default","ast-page-background-enabled":"default","ast-page-background-meta":{"desktop":{"background-color":"var(--ast-global-color-4)","background-image":"","background-repeat":"repeat","background-position":"center center","background-size":"auto","background-attachment":"scroll","background-type":"","background-media":"","overlay-type":"","overlay-color":"","overlay-opacity":"","overlay-gradient":""},"tablet":{"background-color":"","background-image":"","background-repeat":"repeat","background-position":"center center","background-size":"auto","background-attachment":"scroll","background-type":"","background-media":"","overlay-type":"","overlay-color":"","overlay-opacity":"","overlay-gradient":""},"mobile":{"background-color":"","background-image":"","background-repeat":"repeat","background-position":"center center","background-size":"auto","background-attachment":"scroll","background-type":"","background-media":"","overlay-type":"","overlay-color":"","overlay-opacity":"","overlay-gradient":""}},"ast-content-background-meta":{"desktop":{"background-color":"var(--ast-global-color-5)","background-image":"","background-repeat":"repeat","background-position":"center center","background-size":"auto","background-attachment":"scroll","background-type":"","background-media":"","overlay-type":"","overlay-color":"","overlay-opacity":"","overlay-gradient":""},"tablet":{"background-color":"var(--ast-global-color-5)","background-image":"","background-repeat":"repeat","background-position":"center center","background-size":"auto","background-attachment":"scroll","background-type":"","background-media":"","overlay-type":"","overlay-color":"","overlay-opacity":"","overlay-gradient":""},"mobile":{"background-color":"var(--ast-global-color-5)","background-image":"","background-repeat":"repeat","background-position":"center center","background-size":"auto","background-attachment":"scroll","background-type":"","background-media":"","overlay-type":"","overlay-color":"","overlay-opacity":"","overlay-gradient":""}},"_vp_format_video_url":"","_vp_image_focal_point":[],"footnotes":""},"class_list":["post-479","page","type-page","status-publish","hentry"],"aioseo_notices":[],"_links":{"self":[{"href":"https:\/\/yodadigitalsv.com\/index.php\/wp-json\/wp\/v2\/pages\/479","targetHints":{"allow":["GET"]}}],"collection":[{"href":"https:\/\/yodadigitalsv.com\/index.php\/wp-json\/wp\/v2\/pages"}],"about":[{"href":"https:\/\/yodadigitalsv.com\/index.php\/wp-json\/wp\/v2\/types\/page"}],"author":[{"embeddable":true,"href":"https:\/\/yodadigitalsv.com\/index.php\/wp-json\/wp\/v2\/users\/1"}],"replies":[{"embeddable":true,"href":"https:\/\/yodadigitalsv.com\/index.php\/wp-json\/wp\/v2\/comments?post=479"}],"version-history":[{"count":26,"href":"https:\/\/yodadigitalsv.com\/index.php\/wp-json\/wp\/v2\/pages\/479\/revisions"}],"predecessor-version":[{"id":1240,"href":"https:\/\/yodadigitalsv.com\/index.php\/wp-json\/wp\/v2\/pages\/479\/revisions\/1240"}],"wp:attachment":[{"href":"https:\/\/yodadigitalsv.com\/index.php\/wp-json\/wp\/v2\/media?parent=479"}],"curies":[{"name":"wp","href":"https:\/\/api.w.org\/{rel}","templated":true}]}}